sor of o and 4?
4
Let l(h) = 4*h - 13. Let g be l(12). What is the greatest common divisor of 7 and g?
7
Let t(f) = f**2 - 8*f + 26. Let a be t(14). Calculate the highest common divisor of 22 and a.
22
Let r be (6/15)/((-1)/50). Let v be r/((2 + -8)/3). What is the greatest common divisor of v and 110?
10
Let f(n) = n**2 + 13*n + 8. Suppose -3*b - 4*t = -0*t + 55, -4*t = -4*b - 36. Let h be f(b). Calculate the highest common divisor of h and 64.
8
Suppose -2*t - 5*l = -20, -2*l - 2 = 2. Suppose -2*a + 35 = 5*m - t, 2*m - 20 = -3*a. What is the greatest common factor of m and 25?
5
Suppose -4*u + 1 = -15. Suppose 5 = r + 4*p - 11, p = r - 41. What is the greatest common factor of r and u?
4
Let g be -7*4/3*(-6)/4. Suppose -t + 5*h + 88 = 0, -66 = -3*t - 3*h + 234. Calculate the highest common divisor of t and g.
14
Suppose -3*l + 7*l = 8. Suppose 5*v - 12 = l*v. What is the greatest common divisor of v and 6?
2
Let g = 5 - 3. Suppose -g*c + 0*c + 120 = 0. Suppose -3*t + t - 10 = -l, 3*t = -l + 15. What is the highest common divisor of c and l?
12
Let r = 232 - 202. Suppose 0 = -a - a + 12. Calculate the greatest common divisor of a and r.
6
Let n = 8 - 6. Calculate the greatest common divisor of n and 5.
1
Let d = 12 - 1. What is the greatest common factor of d and 55?
11
Let y = 167 + -97. What is the highest common factor of 42 and y?
14
Let q(x) = -3*x + 10. Let a be q(-4). What is the greatest common divisor of a and 154?
22
Let j(y) = -3*y + y**3 + 0 + 8 - 3 - 5*y**2. Let z be j(6). Let m = -14 + z. Calculate the greatest common divisor of 63 and m.
9
Suppose -q = -0*q - 75. Let c = q - 19. Suppose -4*j = -2*j - c. What is the highest common divisor of j and 7?
7
Suppose -109 = -5*u + p + 52, 0 = -3*u + 5*p + 101. Calculate the greatest common factor of u and 8.
8
Let h be ((-84)/10)/(-2*4/20). What is the greatest common divisor of 21 and h?
21
Suppose f = -2*c + 9, -4*f + f + 13 = -c. Let d = f + 4. What is the greatest common factor of d and 54?
9
Let z(r) = 22*r + 7. Let y be z(4). Calculate the highest common factor of y and 19.
19
Let y be 4 - 1*(-4 + 4). Let g be 2*(-1)/(-2)*5. Suppose -5*n + g*h + 45 = 0, 3*n = -n - h + 51. What is the greatest common factor of y and n?
4
Let j = 43 - 26. Let s = j - 12. Suppose -2*a + 5 = 2*p - 23, 0 = s*a - 20. Calculate the highest common divisor of p and 4.
2
Let z(n) = -n**3 - 2*n**2 - n - 6. Let s be z(-4). Calculate the greatest common factor of s and 45.
15
Let h be (-11)/((-3)/1 + 2). Suppose i - 2*g + 3 - h = 0, i = 3*g + 13. Let n be 3/2 - 1/i. Calculate the greatest common divisor of n and 2.
2
Let c(o) = -o**3 + 30*o**2 - o + 70. Let z be c(30). Calculate the highest common factor of z and 10.
10
Suppose -g - 3*v = -20, 3*g + 22 = 4*g + v. Suppose 7 = 5*z - g. What is the highest common factor of 30 and z?
6
Suppose -5*k = 5*x - 55, 0*x - 5*k - 23 = -x. What is the greatest common divisor of x and 13?
13
Suppose -2*k - 2*k + 32 = 0. What is the greatest common divisor of k and 72?
8
Suppose -7*s + 2*r + 110 = -2*s, 2*s - 3*r = 33. What is the highest common divisor of 16 and s?
8
Let v be (5976/(-3))/(-4) + 1. Suppose 0 = 5*m + 59 - v. Calculate the greatest common factor of m and 8.
8
Let c(b) = 3*b**2 - 2*b + 9*b**2 - 16 + 14. Let k be c(3). Suppose -l + 11 = -14. What is the highest common factor of l and k?
25
Let w = 12 - -14. Calculate the greatest common divisor of 65 and w.
13
Let t = -67 + 188. Let c be ((-44)/(-10))/((-11)/((-110)/4)). What is the highest common factor of t and c?
11
Let c = -29 - -48. Let a(o) = 4*o**2 - 4*o**2 - o + 209 + o**3. Let i be a(0). What is the greatest common factor of c and i?
19
Let u = 15 - 10. Suppose 5*t - 4*k + 49 = 18, u*k - 9 = 2*t. Let i = 10 + t. What is the greatest common factor of i and 27?
3
Suppose 13 = t + 10. Suppose -1 + 3 = 2*n. Suppose -11 = -2*z + n. What is the greatest common divisor of t and z?
3
Suppose -6 = -3*c - 3*v + 30, -51 = -3*c + 2*v. Let r = c - 11. Suppose -3*a + 9 = 0, 0*a - 3*a = 3*j - 45. Calculate the highest common divisor of r and j.
4
Suppose 0 = 3*j + 5*r - 209, 0 = 2*j + j - 4*r - 254. Suppose m - 19 = -u + j, -m + u = -101. What is the greatest common divisor of m and 9?
9
Let k(o) = 16*o + 2. Let m be k(2). What is the highest common divisor of 204 and m?
34
Let b = -3 - -5. Suppose -20 = 4*u, -b*h + 176 = h - u. What is the highest common divisor of h and 38?
19
Suppose 5*z - 11 = -1. Suppose -4*y + 18 = -z. What is the greatest common divisor of y and 5?
5
Suppose -2*i + 127 = 3*s - 123, -5*i + 185 = 2*s. Let n be ((-12)/(-30))/(1/s). Let b be (9/(-6))/(6/(-64)). Calculate the highest common factor of n and b.
16
Suppose -2*u + 3*u = 4. Suppose 5*t - 5*d = 485, 0*t - u*d - 196 = -2*t. Let x be (-2)/(((-14)/12)/7). Calculate the highest common factor of x and t.
12
Suppose 3*r - 410 = 4*o, 3*o - 625 = -5*r - 2*o. What is the greatest common factor of r and 10?
10
Let d(k) = k + 5. Let q be d(-5). Suppose 3*o = 3*a + 172 + 338, -a = 5*o - 880. Suppose q = -5*z + o + 345. Calculate the greatest common factor of z and 13.
13
Let d(k) = -k**3 + 12*k**2 + 3*k - 18. Let c be d(12). Let o = c + -15. Calculate the highest common factor of o and 27.
3
Let m = -247 - -439. What is the highest common factor of m and 24?
24
Let r be ((-93)/(-5) - 3) + 9/(-15). Calculate the greatest common factor of r and 120.
15
Let o = -3 - -5. Suppose -o*y = -4*q - 40, -44 = 4*y - 9*y - 4*q. Calculate the greatest common factor of y and 18.
6
Suppose q + 5*j = -0*j + 5, 130 = 4*q - 2*j. Suppose -2*p - 9 = -3. Let y be (-3)/9 - 31/p. Calculate the highest common factor of y and q.
10
Let r(c) = 3*c - c - 3 + 1 + 4*c. Let h be r(2). Calculate the greatest common divisor of 20 and h.
10
Suppose 0 = -6*p + 143 + 157. Let g be -2 - (2 - (25 - 1)). Calculate the highest common divisor of p and g.
10
Let k be 2/(-12) - (-1 + (-5370)/36). What is the greatest common factor of k and 60?
30
Let f = -72 - -114. Calculate the greatest common divisor of 63 and f.
21
Suppose 3*w = -3*r + 4*r - 33, -w + 37 = r. Suppose 13 = 3*k + 2*q - r, 4*k - 5*q - 27 = 0. Calculate the greatest common factor of 26 and k.
13
Let m be (-4)/8 + 1131/2. Let h = -189 + m. Let z = h - 264. What is the greatest common factor of z and 14?
14
Let s(b) = b**3 - 6*b**2 + 10. Let i be s(6). Calculate the highest common divisor of 110 and i.
10
Suppose 5*l - 71 = -2*j, -2*l + 8 = j - 20. What is the highest common factor of 15 and l?
15
Let w be 96/44 - 2/11. Suppose -v - v + 200 = 4*m, w*v - 3*m = 200. Calculate the greatest common factor of v and 10.
10
Let i = -219 - -234. Let g be (5*3)/(-1 + 2). Calculate the highest common factor of g and i.
15
Let p(c) = c**2 - 2*c - 6. Let b be p(5). Calculate the greatest common factor of b and 81.
9
Let h be (34/(-6))/(1/(-3)). Let l(r) = 94*r + 6 - 3 - 28*r - 1. Let d be l(1). What is the greatest common divisor of h and d?
17
Suppose 2*s + 2 - 6 = 0. What is the greatest common factor of 2 and s?
2
Let n be 1 - (-32 - 2) - (2 + -5). Calculate the greatest common factor of n and 152.
38
Suppose 6*l - l = 5*j + 120, -2*l - 4*j = -18. Let x = l - 13. Calculate the highest common divisor of 6 and x.
6
Suppose 2*p - 4*p = 6, 3*p = -3*c. Suppose c*d = 2*d. Suppose -o - 7 + 18 = d. Calculate the highest common divisor of 1 and o.
1
Suppose 3*b = -4*h + 49, 5*b - 60 = -2*h - 3*h. Suppose -d - h = -0*z - 2*z, d + 1 = 0. Calculate the greatest common divisor of 48 and z.
6
Suppose 2*n + 24 + 44 = 0. Let w = n + 104. Calculate the highest common divisor of w and 28.
14
Suppose -v + 4*j = -0*v - 24, -5*v - 2*j = -10. Suppose -3*b - 5*x + 33 = 7, -v*b + 4*x = -24. Calculate the greatest common divisor of 14 and b.
7
Suppose 2*r + 24 = -5*b + 432, r = -5*b + 404. Suppose -4*j = -4*p + b, 0 = -5*p + 2*p + j + 68. Calculate the greatest common factor of p and 216.
24
Let l(p) = 3*p**2 - 5*p - 18. Let o be l(5). Let q be -1 + (-162)/((-4)/2). Calculate the highest common divisor of q and o.
16
Let f = 42 + -30. Let n = f - 2. Let s(y) = 31*y**3 - 2*y**2 + 1. Let t be s(1). Calculate the greatest common divisor of n and t.
10
Let f(g) = 2*g + 24. Let w be f(-11). What is the greatest common factor of 14 and w?
2
Suppose -448 = -5*j - 